{"id":80,"date":"2024-12-26T18:05:49","date_gmt":"2024-12-26T17:05:49","guid":{"rendered":"https:\/\/boomeure.com\/?page_id=80"},"modified":"2025-10-22T12:08:10","modified_gmt":"2025-10-22T10:08:10","slug":"nos-tarifs","status":"publish","type":"page","link":"https:\/\/boomeure.com\/index.php\/nos-tarifs\/","title":{"rendered":"NOS TARIFS"},"content":{"rendered":"\n<h2 class=\"wp-block-heading has-large-font-size\">D\u00e9couvrez nos diff\u00e9rents packs pour faire de votre \u00e9v\u00e9nement un moment inoubliable !!!<\/h2>\n\n\n\n<h3 class=\"wp-block-heading\"><strong>Forfait Basic<\/strong><\/h3>\n\n\n\n<p>Le pack id\u00e9al pour une une ambiance de qualit\u00e9 \u00e0 un prix abordable.<\/p>\n\n\n\n<ul class=\"wp-block-list\">\n<li><strong>\u00c9quipement sonore<\/strong> : Syst\u00e8me de sonorisation Wharfedale ou Definitive Audio id\u00e9al jusqu&rsquo;\u00e0 100 personnes avec R\u00e9gie Pioneer DJ.<\/li>\n\n\n\n<li><strong>\u00c9clairage<\/strong> : 2 paires de lyres (une paire de lyres \u00e0 Gobo + une paire de lyres Vortex \u00e0 triple faisceaux) + un fan LED pour \u00e9clairer la salle, machine \u00e0 fum\u00e9e (si la salle l&rsquo;autorise) le tout pilot\u00e9 par un Wolfmix.<\/li>\n\n\n\n<li><strong>DJ<\/strong> : S\u00e9lection musicale adapt\u00e9 \u00e0 votre \u00e9v\u00e9nement <br>(r\u00e9union au pr\u00e9alable pour en discuter).<\/li>\n\n\n\n<li><strong>Animation<\/strong> : Pas d&rsquo;animation live (option sur demande)<\/li>\n\n\n\n<li><strong>Tarif<\/strong> : 600\u20acht (720\u20acttc)<\/li>\n<\/ul>\n\n\n\n<hr class=\"wp-block-separator has-alpha-channel-opacity\"\/>\n\n\n\n<h3 class=\"wp-block-heading\"><strong>Forfait Premium<\/strong><\/h3>\n\n\n\n<p>Pour une ambiance anim\u00e9e et une une prestation compl\u00e8te.<\/p>\n\n\n\n<ul class=\"wp-block-list\">\n<li><strong>\u00c9quipement sonore<\/strong> : Syst\u00e8me de sonorisation Wharfedale, Definitive Audio ou RCF. Id\u00e9al jusqu&rsquo;\u00e0 200 personnes avec R\u00e9gie Pioneer DJ. (Possibilit\u00e9 de caisson de basse en plus compt\u00e9 comme une Option)<\/li>\n\n\n\n<li><strong>\u00c9clairage<\/strong> : 2 paires de lyres (une paire de lyres \u00e0 Gobo + une paire de lyres Vortex \u00e0 triple faisceaux) + un fan LED pour \u00e9clairer la salle, machine \u00e0 fum\u00e9e (si la salle l&rsquo;autorise) le tout pilot\u00e9 par un Wolfmix.<\/li>\n\n\n\n<li><strong>DJ<\/strong> : S\u00e9lection musicale adapt\u00e9e \u00e0 votre \u00e9v\u00e8nement + animations \u00e9ventuelles. (r\u00e9union au pr\u00e9alable pour en discuter).<\/li>\n\n\n\n<li><strong>2 Options incluses :<\/strong> Parmi \u00ab\u00a0Pack \u00e9clairage de salle\u00a0\u00bb, Pack de 2 machines \u00e0 \u00e9tincelles, Caisson de Basse, Machine \u00e0 fum\u00e9e lourde, Video Projecteur avec \u00e9cran, Animation Chor\u00e9 avec Lady MGX (compte comme 2 options)&#8230;<\/li>\n\n\n\n<li><strong>Tarif<\/strong> : 800\u20ac ht (960\u20acttc)<\/li>\n<\/ul>\n\n\n\n<hr class=\"wp-block-separator has-alpha-channel-opacity\"\/>\n\n\n\n<h3 class=\"wp-block-heading\"><strong>Forfait Prestige<\/strong> <\/h3>\n\n\n\n<p>La prestation haut de gamme pour un \u00e9v\u00e9nement exceptionnel.<\/p>\n\n\n\n<ul class=\"wp-block-list\">\n<li><strong>\u00c9quipement sonore<\/strong> : Syst\u00e8me de sonorisation Wharfedale, Definitive Audio ou RCF. Id\u00e9al de 100 \u00e0 300 personnes (adaptable) avec R\u00e9gie Pioneer DJ. (Caissons de basses inclus pour plus de rondeur dans le son)<\/li>\n\n\n\n<li><strong>\u00c9clairage<\/strong> : 2 paires de lyres (une paire de lyres \u00e0 Gobo + une paire de lyres Vortex \u00e0 triple faisceaux) + un fan LED pour \u00e9clairer la salle, machine \u00e0 fum\u00e9e (si la salle l&rsquo;autorise) le tout pilot\u00e9 par un Wolfmix.<\/li>\n\n\n\n<li><strong>DJ<\/strong> : S\u00e9lection musicale adapt\u00e9e \u00e0 votre \u00e9v\u00e8nement + animations \u00e9ventuelles. (r\u00e9union au pr\u00e9alable pour en discuter).<\/li>\n\n\n\n<li><strong>3 Options incluses :<\/strong> Parmi \u00ab\u00a0Pack \u00e9clairage de salle\u00a0\u00bb, Pack de 2 machines \u00e0 \u00e9tincelles, Machine \u00e0 fum\u00e9e lourde, Video Projecteur avec \u00e9cran, Animation Chor\u00e9 avec Lady MGX (compte comme 2 Options)&#8230;<\/li>\n\n\n\n<li><strong>Tarif<\/strong> : 1000\u20ac ht (1200\u20ac ttc)<\/li>\n<\/ul>\n\n\n\n<hr class=\"wp-block-separator has-alpha-channel-opacity\"\/>\n\n\n\n<h3 class=\"wp-block-heading\">D\u00e9placement :<\/h3>\n\n\n\n<ul class=\"wp-block-list\">\n<li><strong>D\u00e9placement au-del\u00e0 de 50 km<\/strong> : Tarifs sur demande<\/li>\n<\/ul>\n\n\n\n<hr class=\"wp-block-separator has-alpha-channel-opacity\"\/>\n\n\n\n<h2 class=\"wp-block-heading\">R\u00e9servez maintenant votre prestation DJ<\/h2>\n\n\n\n<p>Nous sommes \u00e0 \u00e9coute pour adaptateur nos offres \u00e0 des besoins sp\u00e9cifiques. Contactez-nous pour un devis personnalis\u00e9 ou plus d\u2019informations sur nos prestations.<\/p>\n","protected":false},"excerpt":{"rendered":"<p>D\u00e9couvrez nos diff\u00e9rents packs pour faire de votre \u00e9v\u00e9nement un moment inoubliable !!! Forfait Basic Le pack id\u00e9al pour une une ambiance de qualit\u00e9 \u00e0 un prix abordable. Forfait Premium Pour une ambiance anim\u00e9e et une une prestation compl\u00e8te. Forfait Prestige La prestation haut de gamme pour un \u00e9v\u00e9nement exceptionnel. D\u00e9placement : R\u00e9servez maintenant votre [&hellip;]<\/p>\n","protected":false},"author":2,"featured_media":0,"parent":0,"menu_order":3,"comment_status":"closed","ping_status":"closed","template":"","meta":{"footnotes":""},"class_list":["post-80","page","type-page","status-publish","hentry"],"_links":{"self":[{"href":"https:\/\/boomeure.com\/index.php\/wp-json\/wp\/v2\/pages\/80","targetHints":{"allow":["GET"]}}],"collection":[{"href":"https:\/\/boomeure.com\/index.php\/wp-json\/wp\/v2\/pages"}],"about":[{"href":"https:\/\/boomeure.com\/index.php\/wp-json\/wp\/v2\/types\/page"}],"author":[{"embeddable":true,"href":"https:\/\/boomeure.com\/index.php\/wp-json\/wp\/v2\/users\/2"}],"replies":[{"embeddable":true,"href":"https:\/\/boomeure.com\/index.php\/wp-json\/wp\/v2\/comments?post=80"}],"version-history":[{"count":7,"href":"https:\/\/boomeure.com\/index.php\/wp-json\/wp\/v2\/pages\/80\/revisions"}],"predecessor-version":[{"id":104,"href":"https:\/\/boomeure.com\/index.php\/wp-json\/wp\/v2\/pages\/80\/revisions\/104"}],"wp:attachment":[{"href":"https:\/\/boomeure.com\/index.php\/wp-json\/wp\/v2\/media?parent=80"}],"curies":[{"name":"wp","href":"https:\/\/api.w.org\/{rel}","templated":true}]}}